21*x + 409. Give u(-18).
31
Let g(w) = w**2 + 31. Determine g(5).
56
Let q(i) = 14*i + 175. Give q(-18).
-77
Let p(t) = -6*t - 120. Determine p(12).
-192
Let f(a) = 3*a**2 + 62*a + 50. What is f(-20)?
10
Let o(n) = -n**3 - 4*n**2 - 28*n + 20. Calculate o(-10).
900
Let j(q) = 13*q**2 + 12*q - 3. Calculate j(-1).
-2
Let o(b) = -b**3 - 16*b**2 - 24*b + 27. Determine o(-15).
162
Let t(i) = 2*i**3 + 17*i**2 - 60*i - 51. Calculate t(-11).
4
Let h(b) = 5*b**2 + 276*b + 54. What is h(-55)?
-1
Let n(r) = 11*r**2 - 18*r - 27. Determine n(-3).
126
Let s(i) = -1633*i - 6526. Give s(-4).
6
Let z(q) = q**2 + 126*q + 3441. Give z(-86).
1
Let k(y) = -346*y + 337. Determine k(1).
-9
Let o(k) = -4*k**2 - 17*k + 23. Calculate o(-10).
-207
Let c(m) = -m**3 + 3*m**2 - 35*m + 193. What is c(5)?
-32
Let h(l) = -4*l**2 + 33*l + 10. What is h(10)?
-60
Let l(s) = 3548*s - 17735. Calculate l(5).
5
Let u(d) = -2*d**3 + 117*d**2 + 51*d + 425. What is u(59)?
-47
Let a(m) = 84*m**2 - 578*m - 76. What is a(7)?
-6
Let k(n) = 4*n**2 + 130*n - 81. What is k(-33)?
-15
Let r(o) = 662*o**2 - 5966*o + 29. Calculate r(9).
-43
Let l(r) = 2*r**3 + 54*r**2 + 79*r + 2121. Calculate l(-27).
-12
Let y(x) = -x**3 - 2*x**2 - 191*x - 799. Calculate y(-4).
-3
Let b(s) = -9*s + 13. What is b(7)?
-50
Let w(l) = 5*l**2 - l - 329. Calculate w(0).
-329
Let s(f) = -f**3 - 131*f**2 - 144*f - 1844. What is s(-130)?
-24
Let h(n) = 16*n + 50. Determine h(11).
226
Let b(t) = 44*t - 1146. Calculate b(26).
-2
Let b(j) = j**2 + 336*j + 24656. What is b(-108)?
32
Let r(c) = -783*c + 14094. Calculate r(18).
0
Let p(u) = -u - 23. Calculate p(-13).
-10
Let v(g) = 672*g - 2694. Calculate v(4).
-6
Let x(r) = -r**3 - 37*r**2 + 89*r + 146. Determine x(-39).
-283
Let a(t) = -6*t + 35. Calculate a(3).
17
Let c(q) = -q**3 + 6*q**2 + 4. Give c(3).
31
Let x(k) = k**2 - 101*k + 1917. Give x(25).
17
Let b(n) = 2*n**3 + 6*n**2 + 6*n + 19. Calculate b(-3).
1
Let c(y) = 4*y**2 + 92*y + 86. Calculate c(-22).
-2
Let o(r) = -r**2 - 99*r - 1319. Determine o(-83).
9
Let a(s) = -669*s + 5363. Determine a(8).
11
Let b(l) = -9*l**3 - 90*l**2 - 4*l - 68. Give b(-10).
-28
Let d(t) = -150*t + 103. Determine d(-1).
253
Let p(d) = -68*d + 1630. Calculate p(24).
-2
Let d(l) = l**2 + 49*l + 314. Calculate d(-8).
-14
Let q(h) = h**2 - 17*h - 196. Calculate q(26).
38
Let u(f) = -453*f**3 + 10*f**2 - 8*f - 9. What is u(-1)?
462
Let z(b) = -105*b - 2823. What is z(-27)?
12
Let m(y) = -y**3 - 61*y**2 - 48*y - 2921. What is m(-61)?
7
Let x(i) = 2*i**2 - 133*i + 1352. Determine x(54).
2
Let q(y) = y**3 - 4*y**2 - 10*y + 25. What is q(5)?
0
Let r(u) = 14*u + 26. Calculate r(2).
54
Let i(u) = 2*u**2 + 63*u + 54. Determine i(0).
54
Let d(x) = -8*x**2 + 76*x - 147. Determine d(2).
-27
Let l(r) = -2*r**2 - 133*r + 848. Calculate l(6).
-22
Let w(g) = 13723*g + 27445. What is w(-2)?
-1
Let f(d) = -3*d**3 - 82*d**2 - 53*d - 714. Calculate f(-27).
-12
Let p(u) = u**3 - 20*u**2 + 73*u - 64. What is p(16)?
80
Let j(w) = w**2 + 55*w - 7451. What is j(63)?
-17
Let t(h) = 72*h - 645. Calculate t(9).
3
Let q(c) = -2*c**2 - 42*c + 19. Determine q(6).
-305
Let y(j) = 8*j**2 + 193*j - 3476. Determine y(12).
-8
Let j(t) = t**2 - 3*t - 69. Give j(-6).
-15
Let o(j) = 4*j**3 - 24*j**2 + 76*j - 448. Determine o(6).
8
Let j(l) = -308*l + 33267. What is j(108)?
3
Let b(f) = 186*f**2 - 56*f + 55. Calculate b(1).
185
Let s(u) = -u**2 + 18*u + 2519. What is s(-43)?
-104
Let k(p) = -p**3 - 43*p**2 + 95*p + 207. Determine k(-45).
-18
Let h(x) = -16*x**2 + 14*x - 24. What is h(2)?
-60
Let k(f) = -3*f**2 - 31*f + 3. Give k(11).
-701
Let g(o) = 102*o - 763. Give g(8).
53
Let x(o) = -o**3 - 19*o**2 - 100*o - 193. Give x(-12).
-1
Let m(u) = 335*u + 17380. Give m(-52).
-40
Let d(x) = x**2 + 57*x - 45. Calculate d(-23).
-827
Let l(g) = g**3 - 13*g**2 - 361*g - 468. What is l(27)?
-9
Let o(s) = 54*s + 88. Determine o(-5).
-182
Let i(x) = -2*x**2 - 134*x + 656. Give i(5).
-64
Let w(m) = 3*m**2 - 43*m + 153. What is w(8)?
1
Let i(q) = -q**3 - 23*q**2 + 69*q - 10. Determine i(-25).
-485
Let h(c) = -1004*c + 20077. Determine h(20).
-3
Let a(o) = 4*o**2 - 98*o - 513. Determine a(29).
9
Let t(c) = 9*c - 12. Determine t(4).
24
Let h(j) = j**2 + 6*j - 21. Calculate h(-7).
-14
Let y(p) = -4*p**2 - 71*p - 350. Determine y(-14).
-140
Let i(k) = -k**3 + 3*k**2 + 16*k - 7. What is i(0)?
-7
Let z(v) = -3*v**3 - 3*v + 7. What is z(2)?
-23
Let j(d) = 4*d**2 + 262*d + 132. What is j(-65)?
2
Let s(j) = -448*j - 5377. What is s(-12)?
-1
Let i(u) = 2*u**2 + 15*u - 3293. Determine i(37).
0
Let k(t) = -3*t**2 - 25*t + 465. What is k(9)?
-3
Let u(a) = -a**3 + 68*a**2 + 453*a + 31. Calculate u(-6).
-23
Let t(u) = -20*u - 1042. What is t(-52)?
-2
Let d(s) = 2*s**3 + 17*s**2 + 82*s + 307. Calculate d(-6).
-5
Let b(c) = c**2 - 38*c - 58692. Calculate b(-224).
-4
Let t(y) = y**2 + 58*y + 281. Give t(-5).
16
Let x(o) = 53*o + 4124. Determine x(-78).
-10
Let p(f) = -f**3 + 92*f**2 + 798*f - 13. Calculate p(-8).
3
Let h(o) = -o**2 + 13*o + 162. Calculate h(16).
114
Let s(l) = 20*l**2 + 2357*l - 351. What is s(-118)?
3
Let q(k) = 7*k**2 + 273*k + 236. Calculate q(-38).
-30
Let g(u) = u**3 + 45*u**2 + 129*u + 1839. Determine g(-43).
-10
Let j(u) = -3*u**2 - 66*u - 318. Calculate j(-32).
-1278
Let z(p) = 1178*p - 4450. Calculate z(4).
262
Let c(b) = -25*b**2 - 5*b + 28. Calculate c(4).
-392
Let y(u) = -1322*u + 7940. Calculate y(6).
8
Let a(s) = s**3 - 91*s**2 + 13*s - 55. Determine a(91).
1128
Let p(j) = 820*j - 3294. Give p(4).
-14
Let f(x) = 2*x**3 - 6*x**2 - 15*x + 64. Determine f(4).
36
Let o(b) = -49*b + 4. Determine o(3).
-143
Let b(m) = -33*m + 44. What is b(5)?
-121
Let r(h) = 566*h - 2831. Determine r(5).
-1
Let s(n) = -3*n**2 + 33*n - 57. Determine s(9).
-3
Let q(z) = -1421*z + 126466. Give q(89).
-3
Let q(n) = 5683*n - 193216. What is q(34)?
6
Let d(b) = b**3 + 6*b**2 - 15*b + 3. What is d(-7)?
59
Let f(n) = 61*n - 303. Give f(5).
2
Let n(b) = -762*b - 3039. What is n(-4)?
9
Let k(g) = g**2 - 39*g - 54. Determine k(35).
-194
Let a(d) = 2*d**2 - 21*d + 32. Give a(10).
22
Let h(b) = 2851*b - 2842. Give h(1).
9
Let f(k) = 130*k**3 - k**2 + 6*k - 4. Calculate f(1).
131
Let a(h) = 6435*h + 25772. Calculate a(-4).
32
Let j(s) = -161*s - 769. What is j(-5)?
36
Let u(p) = 122*p + 16553. What is u(-136)?
-39
Let v(y) = 31*y**2 - 257*y + 8. Determine v(5).
-502
Let w(x) = x**3 - 10*x**2 - 65*x + 70. Calculate w(15).
220
Let f(j) = 14*j**2 - 516*j - 85. Calculate f(37).
-11
Let o(r) = -6*r - 548. What is o(-94)?
16
Let r(b) = b**2 - 246*b - 6180. Calculate r(-23).
7
Let j(t) = t**3 - 2*t**2 - 30*t - 39. What is j(7)?
-4
Let h(s) = 4*s**2 - 292*s + 292. What is h(71)?
-276
Let c(g) = g**3 - 3*g**2 - 3*g + 35. Determine c(5).
70
Let t(q) = 2*q**2 + 27*q - 281. Calculate t(7).
6
Let b(h) = h**3 - 51*h**2 + 45*h + 264. Calculate b(50).
14
Let c(i) = i**3 + 38*i**2 - 78*i + 10. Calculate c(-40).
-70
Let n(c) = -65*c - 2. Calculate n(-4).
258
Let f(i) = -532*i + 13839. Calculate f(26).
7
Let c(j) = -70*j**2 - 10*j + 15. Calculate c(2).
-285
Let h(w) = w**3 + 5*w**2 + 8*w + 8. What is h(-4)?
-8
Let z(q) = 2719*q - 56. Calculate z(0).
-56
Let p(q) = -2*q**3 + 16*q**2 + 129*q + 21. Give p(13).
8
Let j(a) = 2291*a - 18337. Determine j(8).
-9
Let i(w) = -1546*w - 7787. Determine i(-5).
-57
Let a(z) = 57*z**2 - 31*z - 31. Give a(-1).
57
Let c(n) = -n**3 - 13*n**2 + 10*n - 42. Give c(-15).
258
Let t(r) = r**3 - 174*r**2 + 355*r - 1902. Give t(172).
-10
Let q(x) = 3*x**2 - 59*x + 18. Give q(14).
-220
Let g(z) = -61*z**2 - 8*z - 9. Give g(-1).
-62
Let o(s) = -15*s**2 - 380*s + 8. Determine o(-25).
133
Let z(f) = -3*f**2 - 95*f + 478. Determine z(-36).
10
Let z(a) = a**3 + 78*a**2 - 247*a - 77. Determine z(-81).
247
Let j(c) = 4*c**2 - 205*c - 1632. What is j(-7)?
-1
Let u(b) = 1260*b - 3796. What is u(3)?
-16
Let h(x) = -62*x - 4373. What is h(-70)?
-33
Let i(q) = -q**2 - 19*q + 139. Calculate i(-23).
47
Let s(l) = -14*l**2 + 2019*l - 339. Calculate s(144).
93
Let i(f) = -203*f + 1433. Give i(12).
-1003
Let g(o) = -o**2 - 19*o + 2981. Determine g(51).
-589
Let z(g) = -20*g - 690. Determine z(-30).
-90
Let g(p) = -50*p - 46. Determine g(-1).
4
Let f(u) = -2*u**3 + 35*u**2 + 112*u - 216. Give f(20).
24
Let r(y) = -3*y**3 + 361